24114242334?
24114242324
In base 12, what is 235b3 + -15?
2359a
In base 14, what is -55275 + -33?
-552a8
In base 3, what is -21100 + 22012?
212
In base 7, what is -112 + -460451?
-460563
In base 5, what is 10 + 3231210220?
3231210230
In base 12, what is -10231 + 20a5?
-a148
In base 8, what is -11 + -71335051?
-71335062
In base 11, what is 40 - 1988545?
-1988505
In base 6, what is 12300 - -20455?
33155
In base 8, what is 2713746 - -41?
2714007
In base 16, what is -b8fcb + -2?
-b8fcd
In base 8, what is -60676 - 777?
-61675
In base 8, what is 103 + -1335335?
-1335232
In base 5, what is -13 + -32210234?
-32210302
In base 12, what is -1a + 18b1719?
18b16bb
In base 12, what is 6231 + 55b19?
6014a
In base 16, what is -2baca - ed?
-2bbb7
In base 8, what is 646661 + 100?
646761
In base 9, what is -411215 - -62?
-411143
In base 2, what is -100101000 - 1100011011011011?
-1100100000000011
In base 11, what is -701 - -1279?
678
In base 6, what is -15554 - 11320421?
-11340415
In base 10, what is 37739 + -3768?
33971
In base 4, what is 12122212232101 + -3?
12122212232032
In base 15, what is -108e + -218?
-12a7
In base 10, what is -252442669 + 4?
-252442665
In base 12, what is -967313 - -17?
-9672b8
In base 4, what is -111 - -23323230213?
23323230102
In base 2, what is 1010111101001111 - 1110000010?
1010101111001101
In base 10, what is 50694977 + 4?
50694981
In base 6, what is 3 - 1352545334?
-1352545331
In base 8, what is -353711 + 16?
-353673
In base 12, what is 23 - 1656b9?
-165696
In base 9, what is 478 - 725667?
-725178
In base 7, what is 33205226 - -1?
33205230
In base 12, what is 11649 + -12785?
-1138
In base 11, what is -6467967 + -7?
-6467973
In base 6, what is 131034234 + -52?
131034142
In base 3, what is 2110020022 + -222?
2110012100
In base 5, what is -313041 + -4211?
-322302
In base 12, what is -30b - -341275?
340b66
In base 11, what is 14550a + 4?
145513
In base 10, what is 171904 - 41?
171863
In base 8, what is -5437 - -2756?
-2461
In base 5, what is 22220402 + -2114?
22213233
In base 4, what is -110 - 1122202222330?
-1122202223100
In base 8, what is -15023545 - -10?
-15023535
In base 16, what is 5846da - -2?
5846dc
In base 6, what is 20535211101 + 4?
20535211105
In base 6, what is -11002 - -253102?
242100
In base 8, what is 714203 - 1?
714202
In base 13, what is 44c0 + 15c59?
1a449
In base 16, what is -7e - d67b0?
-d682e
In base 8, what is 0 + -13164017?
-13164017
In base 4, what is -2 + 332233312221?
332233312213
In base 6, what is -12555413400 + -5?
-12555413405
In base 4, what is -10020 - -1103022020?
1103012000
In base 16, what is -1329fec6 - 1?
-1329fec7
In base 15, what is -2c85121 + 4?
-2c8511c
In base 6, what is 2 + -11545433035?
-11545433033
In base 16, what is -c71 + 209f9?
1fd88
In base 3, what is 2002120001101 - -100?
2002120001201
In base 14, what is d5287 + -1?
d5286
In base 16, what is -1b - -4116?
40fb
In base 6, what is 55114424 + 0?
55114424
In base 6, what is 11 - 5212004453?
-5212004442
In base 14, what is -3da90 + -47?
-3dad7
In base 7, what is -53542302 + -2?
-53542304
In base 10, what is -1675 + 69812?
68137
In base 13, what is 1 + 116319b2?
116319b3
In base 9, what is 34 + 16325237?
16325272
In base 6, what is -3 - -211211312?
211211305
In base 2, what is 11 + -100001011001110111?
-100001011001110100
In base 12, what is -3 + 5674ab19?
5674ab16
In base 16, what is 4b00fc - -3?
4b00ff
In base 14, what is 238 + -3ac?
-174
In base 14, what is -13 + -437245?
-437258
In base 4, what is 13212211210130 + 2?
13212211210132
In base 16, what is e068 - 1c?
e04c
In base 15, what is e8ad + -40?
e86d
In base 3, what is 1010200021011 - 12002?
1010200002002
In base 4, what is 2333333 + 1023322?
10023321
In base 6, what is 11341530 + 1204?
11343134
In base 6, what is -11045040312 + -4?
-11045040320
In base 4, what is -132001 + -310?
-132311
In base 11, what is 5 + 711913a1?
711913a6
In base 10, what is -774689487 + 0?
-774689487
In base 6, what is -22505333 - 0?
-22505333
In base 3, what is -11 - -10100111010110022?
10100111010110011
In base 4, what is -100210121 + 33?
-100210022
In base 16, what is 2 + -254d60a?
-254d608
In base 2, what is 1001001000101 + 10010101010100111?
10011110011101100
In base 7, what is -12531 + -2111?
-14642
In base 16, what is 5946 + -84?
58c2
In base 6, what is -2150054321 + 0?
-2150054321
In base 6, what is -22314350301 + -5?
-22314350310
In base 15, what is -3ec26 + 3?
-3ec23
In base 7, what is 20020442 + -4?
20020435
In base 13, what is 1262c80b + 3?
1262c811
In base 13, what is 998 + 2000?
2998
In base 8, what is -4726 - -636207?
631261
In base 7, what is -20 + 4002201?
4002151
In base 15, what is -c9611 - -284?
-c937c
In base 5, what is 3304044111 - -24?
3304044140
In base 8, what is 17656414 + -213?
17656201
In base 16, what is 3a7 + -2450?
-20a9
In base 15, what is 1 - 4b689e9?
-4b689e8
In base 7, what is -323451225 - -2?
-323451223
In base 9, what is -1 + -6614647?
-6614648
In base 14, what is -11c - c4a?
-d68
In base 7, what is 1624503 - -16?
1624522
In base 13, what is -223070 - 58?
-2230c8
In base 13, what is 5 - 9b1c39?
-9b1c34
In base 3, what is -21 + 11111202220010?
11111202212212
In base 11, what is 0 + 1049008?
1049008
In base 6, what is -3 - -34504032314?
34504032311
In base 9, what is -37482 - 6420?
-45012
In base 9, what is 11763 - -4750?
16623
In base 14, what is -1d2b + -1106?
-3033
In base 10, what is -3684708 - 21?
-3684729
In base 11, what is 108222 - 3a8a?
104243
In base 5, what is -434442 - -2?
-434440
In base 14, what is 13461cb - -2b?
1346218
In base 4, what is -2 - -1121102201123?
1121102201121
In base 3, what is -110200102112 + -212122?
-110201022011
In base 11, what is 420 + 1a5046?
1a5466
In base 2, what is -110010 - 111100011010000011111111?
-111100011010000100110001
In base 8, what is -3363 + 31657?
26274
In base 2, what is -110001110110000 + 10000001000001?
-100001101101111
In base 3, what is -112101 - 22021110121?
-22021222222
In base 16, what is -158 + 1344?
11ec
In base 12, what is 7a8228a + 2?
7a82290
In base 5, what is -102022344 - -2?
-102022342
In base 7, what is 1 - 100341623?
-100341622
In base 5, what is -24222140 + 3?
-24222132
In base 9, what is -5082475 + -261?
-5082746
In base 2, what is -10010000000001010111 + 1111111?
-10001111111111011000
In base 6, what is 1023255 + -10144?
1013111
In base 9, what is 5314 - 7480?
-2165
In base 12, what is 77 - -a1331?
a13a8
In base 12, what is 2 - 659644?
-659642
In base 5, what is 12434010032 - -311?
12434010343
In base 4, what is -12212 + 223200212?
223122000
In base 11, what is -1007a67 + 3?
-1007a64
In base 11, what is 400 + 279935?
27a235
In base 8, what is -35244 + 153237?
115773
In base 11, what is 81 - -84380?
84451
In base 15, what is -9542 + 700?
-8d42
In base 6, what is 5 + 1343525514?
1343525523
In base 5, what is -200 + -43413341?
-43414041
In base 8, what is -23000 - -6224?
-14554
In base 4, what is -103321300113 + 1112?
-103321233001
In base 15, what is 1bb1 + 69c9?
868a
In base 8, what is -2 - -152065174?
152065172
In base 10, what is 2023 - 10807?
-8784
In base 13, what is 559396 - -11?
5593a7
In base 6, what is 212550 + 5455?
222445
In base 12, what is -8aa + 38?
-872
In base 11, what is 706 + -117a54?
-117349
In base 14, what is 420d5 - -a6?
4219b
In base 8, what is -1635364 - -61?
-1635303
In base 15, what is -b4c18 - 17?
-b4c30
In base 15, what is -1d1b13c7 + -5?
-1d1b13cc
In base 10, what is -1411064 + -41?
-1411105
In base 15, what is -14 - -12c64?
12c50
In base 9, what is -714415 + 133?
-714272
In base 10, what is 95338 + -411?
94927
In base 4, what is -2213 + 20201012?
20132133
In base 2, what is 1100010101000000110 + 100010?
1100010101000101000
In base 10, what is 5027 - -15383?
20410
In base 15, what is -2 + -20ea82?
-20ea84
In base 7, what is 0 + -302460332?
-302460332
In base 13, what is 15a0a11 + 1?
15a0a12
In base 10, what is 39 - -2283939?
2283978
In base 11, what is -61006a - -7?
-610063
In base 15, what is a8b33 + 3b2?
a8ee5
In base 3, what is 221022011022211020 + 0?
221022011022211020
In base 11, what is 263306 + 16?
263321
In base 5, what is 413303011 + 1320?
413304331
In base 15, what is -2208e4d - 2?
-2208e50
In base 5, what is -11220201324 - -10?
-11220201314
In base 4, what is -1 +